. Suppose 15 = -5*l - v. Calculate c(l).
-11
Let i(p) = -p**2 - p + 7. Suppose 9*d = 4*d. Calculate i(d).
7
Let a(v) = -2*v**3 + 4*v**2 - 4*v + 2. Let n = -12 + 14. Determine a(n).
-6
Suppose 0 = 5*y + 4*p - 20, y - 5*p + 25 + 0 = 0. Let h = 9 - 4. Suppose y = -6*d + d + h. Let r(m) = 2*m. Give r(d).
2
Suppose 10*x + 5 = 35. Let j(n) = -11*n + 8. Let h(k) = 17*k - 12. Let t(q) = -5*h(q) - 8*j(q). Calculate t(x).
5
Suppose 0 = -3*c - 4*x - 24 - 8, 3*x + 27 = -3*c. Let s = 3 + c. Let o(r) = -r + 1. Let l(y) = 3*y**2 - 3*y + 6. Let b(g) = -l(g) + 5*o(g). Determine b(s).
-2
Let y(k) = k**2 + 5*k - 3. Let t be (-10)/(-8) + (-6)/(-8). Suppose -t*q - 15 = -5*q. Suppose 4*g + 3*a - 2*a + 25 = 0, 0 = -q*g + 2*a - 15. Determine y(g).
-3
Let i(s) = -3*s + 1. Let j(g) = 2*g - 1. Let x(f) = 5*i(f) + 8*j(f). Give x(6).
3
Let f(z) = 2*z - 7. Let b be f(5). Let d be ((-1)/b)/(2/(-18)). Let n(g) = -g**3 + 3*g**2 + 2. Calculate n(d).
2
Let r(g) = g**2 - 20*g - 15. Let a be r(21). Let f(b) = -b + 3. Determine f(a).
-3
Let s(g) = -3 + 0 + 4 + 5*g. Let d(f) = 4*f**2 + 9*f - 11 - 3*f**2 + 2*f. Let c be d(-12). What is s(c)?
6
Let p(q) = q - 6. Let y(x) = -x + 7. Let d(u) = -4*p(u) - 3*y(u). Give d(3).
0
Let z(g) be the third derivative of -g**7/2520 + g**6/720 - g**5/15 + 4*g**2. Let y(x) be the third derivative of z(x). What is y(2)?
-3
Let x(j) be the second derivative of j**3/3 - 4*j**2 + 2*j. Let i(h) = 2*h - 18. Let o be i(12). Determine x(o).
4
Suppose -18 = -4*d + 2*t, -t = 5*d - 3*t - 22. Let c(p) be the second derivative of 0*p**2 - 1/12*p**d - 2*p - 2/3*p**3 + 0. Give c(-2).
4
Let s(d) be the first derivative of d**6/360 + d**5/20 + d**4/6 + d**3/3 - 4. Let o(g) be the third derivative of s(g). What is o(-4)?
-4
Let s(t) = t**2 - t + 18. Let w = -23 + 23. Determine s(w).
18
Let y(b) = b**2 + 3*b - 3. Let m(v) be the first derivative of -v**4/4 + 2*v**3 - 5*v**2/2 - 4*v + 1. Let g be m(5). What is y(g)?
1
Let c(v) = 3*v - 2*v - 1 - 2*v. Let w be c(1). Let x(y) = 3*y + 22 - 22. Give x(w).
-6
Let f(i) = -i**3 + 6*i**2 - 5*i. Suppose 2*s = 3*s + 14. Let p = 28 + s. Suppose -5*b = -r - 20, 4*b = r + p + 1. Calculate f(b).
0
Suppose 19 + 3 = 2*i + 2*v, -2 = 2*v. Let d(j) = j**2 - 11*j - 15. Calculate d(i).
-3
Let f = 5 - 4. Let a(m) = 2*m**2 + 1. Let y be a(f). Let t(w) = -w - 4*w + 3*w - 1 + y. Determine t(-2).
6
Suppose 4*m = -5 + 17. Suppose m*j = -7 + 19. Let r(x) = 3*x + x**3 - j - 3*x + 2 - x + 5*x**2. Calculate r(-5).
3
Let i(q) = -8*q + 13. Let u(h) = -h - 1. Let z(v) = -6*v + 13. Let d(s) = u(s) + z(s). Let m(n) = -7*d(n) + 6*i(n). Determine m(5).
-1
Let x be 3/(-9)*(1*-3)/(-1). Let w(z) = 17*z**3 + z**2 + z + 1. Calculate w(x).
-16
Let r(k) be the third derivative of -k**4/12 - 2*k**3/3 - 5*k**2. Calculate r(4).
-12
Let d(h) = 90 + 0*h - h**2 - 88 + h. Give d(5).
-18
Let f be (-8)/4*1*-1. Let d be 16/5 - f/10. Let g(x) = -5*x - x**3 + 3 - 5*x**2 + 2*x**3 + 3*x**2. Determine g(d).
-3
Suppose i - 5*d + 14 = 0, i - 5 + 3 = -3*d. Let n(q) = 2*q. Give n(i).
-8
Let s(a) = -a**2 + 3*a - 4. Let o(t) = -t**2 + 3. Let l(m) = -m**2 + m + 4. Let d(b) = -2*l(b) + 3*o(b). Let i be d(-2). Suppose -2 - i = -n. What is s(n)?
-4
Let w(c) = c**2 + c + 2. Let u be w(-2). Let x be (u + -2 + -1)*-11. Let j = x + 9. Let f(o) = -o**3 - o**2 - 2*o - 3. Calculate f(j).
5
Let d be (-1 - -1)/(10 + -8). Let m(f) = 2*f**2 - f**3 + d + 2*f - 4 + 7 + 2*f**3. Let y be (1/1)/(1/(-2)). What is m(y)?
-1
Let o = 57 - 62. Let f(n) = -n**3 - 3*n**2 + 7*n - 2. Determine f(o).
13
Let s = 124 + -119. Let t(c) = -c + 11. What is t(s)?
6
Suppose 2*y + 0*j = j, -j + 6 = y. Let o(i) = 0*i - i - y*i + 5*i. Calculate o(-2).
-4
Let p be (6/(-4))/(9/12). Let j(x) be the first derivative of -x**4/4 + x**2 + 2. Give j(p).
4
Let k(a) = a**2 + 13*a - 19. Let t be k(-14). Let f(q) = -4*q - 4. Give f(t).
16
Let g(q) = q**3 + 7*q**2 - 4*q - 6. Let f(i) = -i**3 - 6*i**2 + 3*i + 5. Let x(j) = -3*f(j) - 2*g(j). Suppose -4 = -3*t - 16. Determine x(t).
1
Let v(b) = b. Let w be v(4). Suppose -w*c = c. Let k(a) = -a - 1. Calculate k(c).
-1
Let z = -18 + 19. Let h be (10/30)/(z/(-6)). Let m(g) = -3*g**3 - 4*g**2 - g + 2. Calculate m(h).
12
Let i(w) = w**2 - 5*w + 7. Suppose n - 5*u - 5 = 0, -5*n + 7*u + 25 = 4*u. Calculate i(n).
7
Let d(o) = o**2 - 7*o + 5. Suppose 3*p + 4 = 16. Suppose -5*j + 6 = -p*j. What is d(j)?
-1
Let n(f) = -13*f - 9. Suppose 0 = -u + 4*u + 21. Let g(j) = -6*j - 4. Let y(c) = u*g(c) + 3*n(c). Suppose -2*k - 2 = -0. Calculate y(k).
-2
Let z(l) be the first derivative of l**4/4 + 5*l**3/3 + 4*l - 37. Calculate z(-5).
4
Let d(r) = -r**2 - 4*r + 8. Let w be 23/5 - (-2)/5. Let q = w - 18. Let z = 7 + q. What is d(z)?
-4
Let q be 16/6 - 4/6. Suppose q*b + 4 = 4*b. Let h(j) = 2*j**2 - 3*j. What is h(b)?
2
Suppose 5 = 2*u - 5. Let i(m) = m. Let c(w) = -5*w + 1. Suppose -4 = -0*t - 4*t. Let p(n) = t*c(n) + 4*i(n). Give p(u).
-4
Let o be (-1 - (-14)/8)*-4. Let n(a) = a**2 - 2. Let f = -14 - -3. Let r(m) = 6*m**2 + m - 11. Let q(x) = f*n(x) + 2*r(x). Calculate q(o).
3
Let f(k) = -k**3 - 3*k**2 + 6*k + 2. Let t(b) = -b**2 - 2*b - 1. Let h be t(-5). Let y = 11 + h. Let x = -9 - y. Give f(x).
-6
Suppose -2*w = -2*n - 12, -w = -6*w - 2*n + 44. Let g be w/(-3) + 1/(-3). Let d(y) = -5*y - 3. Determine d(g).
12
Let p(a) = 30 - 15 - 10 - a. Calculate p(-7).
12
Let a(b) be the third derivative of b**7/420 + b**6/360 - b**5/120 - b**4/24 - 2*b**3/3 - 5*b**2. Let o(j) be the first derivative of a(j). What is o(-1)?
-1
Let y(b) = b + 1. Suppose -2*z - 5 + 1 = 0. Give y(z).
-1
Let n(h) = -h**2 - 2*h + 1. Suppose 5*f + 21 = 4*l, -2*l - 2*f + 10 = l. Suppose 2 = -u + l. Suppose 5*g + u = 7. What is n(g)?
-2
Let o(l) = -l**2 - 7*l - 9. Let k be (-231)/22*2/3. What is o(k)?
-9
Let b(x) = 2*x - 7. Suppose 0 = -0*z + 4*z - 24. Give b(z).
5
Let p be 1 - -2*(-2)/(-4). Let j(u) = 3*u - 3*u**p + 6*u**2 - 2*u. What is j(-1)?
2
Let w(m) be the third derivative of -m**5/60 + m**4/8 - m**3/6 - 3*m**2. Calculate w(4).
-5
Let b = 11 - 4. Let h = b + -4. Let x(k) = -k**3 + 4*k**2 - 4*k + 3. Determine x(h).
0
Let p(i) = -4*i**2 + i**3 + 2*i - 2*i + 3 + 0*i. Let w be ((-6)/(-4))/((-15)/(-40)). What is p(w)?
3
Suppose b - 9 = u, 0 = b + u - 4 - 1. Let x(z) be the first derivative of -2 - 1/2*z**2 - b*z. What is x(0)?
-7
Let o = -18 + 11. Let y(c) = 2*c + 4. Determine y(o).
-10
Let t(f) = 5 - 3 + 11*f**3 + 2*f**2 - 3*f**2 - 10*f**3. What is t(2)?
6
Let w(v) = -4*v**3 + v. Let u(p) = -p + 9. Let m be u(8). Determine w(m).
-3
Let m(q) be the first derivative of 1/2*q**2 + 1/4*q**4 + 1 + 0*q + 2/3*q**3. Let g(v) = -v**2 - v - 2. Let z be g(0). Calculate m(z).
-2
Let v be 81/5 - (-2)/(-10). Suppose n + 3*w = -4, -3*w - v = 3*n + n. Let i(z) = z**3 + 5*z**2 + z - 2. Determine i(n).
10
Let k(a) = 10*a - 5. Let d be k(1). Let j(v) be the second derivative of v**4/12 - v**3/2 - v**2/2 - v. Determine j(d).
9
Suppose 2 = 6*j - 4. Let n(g) = 3 + j - 2*g - 5 + 3*g. What is n(6)?
5
Let u(w) be the first derivative of -w**4/4 - 4*w**3/3 - w**2 - 6*w - 1. Suppose 0*y + 22 = -2*t - 2*y, 4*t = 5*y - 44. Let z = t + 7. Calculate u(z).
2
Suppose r + 4 = -r. Let b(a) = -15*a**2 - 1 - a**3 - a + 0 + 12*a**2. What is b(r)?
-3
Let p(t) = -6*t**3 - t**2 - 12*t + 2. Let g(h) = -5*h**3 - 2*h**2 - 11*h + 1. Let r(o) = o - 19. Let w be r(14). Let v(k) = w*g(k) + 4*p(k). Determine v(-5).
-7
Let i(b) = -9*b**3 - 5*b**2 - 10*b. Let y(n) = -5*n**3 - 2*n**2 - 5*n. Let w(h) = 4*i(h) - 7*y(h). Determine w(-4).
-12
Let n(v) = 3 + v - 2*v - v. Suppose -d + 5*c - 5 = 0, -5*d + 5*c + 44 = 3*c. Suppose -2*i = -7*i + d. Calculate n(i).
-1
Let y(v) = 7*v - 13. Let r(q) = -11*q + 20. Let i(x) = -5*r(x) - 8*y(x). Give i(5).
-1
Let h(j) = j**3 - 2*j**2 + j. Let u = 2 + -16. Let z be ((-4)/u)/((-7)/(-49)). What is h(z)?
2
Let c(k) be the third derivative of 1/30*k**5 + 0 + 1/60*k**6 + 1/24*k**4 - 1/6*k**3 + 0*k - 3*k**2. Calculate c(-2).
-11
Let m(n) = -n**3 - 5*n**2 + 7*n + 2. Suppose 0 = 7*a - a + 36. Determine m(a).
-4
Let o be -5 + (-3 - -1) + 0. Let d = o + 10. Let k(m) = 1 + m**d + 4*m**2 - 2*m**3 + 4*m - 3. Give k(5).
-7
Suppose -2*a = -5*a + 12. Let h(l) = l - 6*l**2 - 4*l**3 - a + 3*l**2 + 3*l**3. Give h(-4).
8
Let t(y) = y**2 + 3*y + 3. Let l(s) = -s**3 + 5*s - 4. L